{"id":35,"date":"2016-06-02T20:18:11","date_gmt":"2016-06-02T19:18:11","guid":{"rendered":"http:\/\/echecsmetzfischer.fr\/?page_id=35"},"modified":"2024-10-08T10:25:40","modified_gmt":"2024-10-08T09:25:40","slug":"liens-utiles","status":"publish","type":"page","link":"https:\/\/echecsmetzfischer.fr\/?page_id=35","title":{"rendered":"Liens utiles"},"content":{"rendered":"<p><span style=\"color: #0000ff;\"><strong>Les \u00e9checs en France et dans le monde :<\/strong><\/span><\/p>\n<p><a href=\"http:\/\/www.fide.com\/\" target=\"_blank\" rel=\"noopener noreferrer\">F\u00e9d\u00e9ration Internationale Des Echecs<\/a><\/p>\n<p><a href=\"http:\/\/www.echecs.asso.fr\/\" target=\"_blank\" rel=\"noopener noreferrer\">F\u00e9d\u00e9ration Fran\u00e7aise des Echecs<\/a><\/p>\n<p><a href=\"http:\/\/en.chessbase.com\/\" target=\"_blank\" rel=\"noopener noreferrer\">Chessbase<\/a><\/p>\n<p><a href=\"http:\/\/www.europe-echecs.com\/\" target=\"_blank\" rel=\"noopener noreferrer\">Europe Echecs<\/a><\/p>\n<p><a href=\"http:\/\/theweekinchess.com\/\" target=\"_blank\" rel=\"noopener noreferrer\">The Week In Chess<\/a><\/p>\n<p><span style=\"color: #0000ff;\"><strong>Les \u00e9checs en Lorraine :<\/strong><\/span><\/p>\n<p><a href=\"https:\/\/ligueechecsgrandest.fr\/\" target=\"_blank\" rel=\"noopener\">La ligue des \u00e9checs du Grand Est<\/a><\/p>\n<p><a href=\"http:\/\/vandoeuvre-echecs.com\/\" target=\"_blank\" rel=\"noopener noreferrer\">Vandoeuvre Echecs<\/a><\/p>\n<p><a href=\"http:\/\/m-sechecs.blogspot.fr\/\" target=\"_blank\" rel=\"noopener noreferrer\">Marange-Silvange<\/a><\/p>\n<p><a href=\"https:\/\/thionville-echecs.fr\/\" target=\"_blank\" rel=\"noopener\">Thionville Echecs<\/a><\/p>\n<p><span style=\"color: #0000ff;\"><strong>Pour s&rsquo;entra\u00eener et jouer gratuitement :<\/strong><\/span><\/p>\n<p><a href=\"http:\/\/fr.lichess.org\/\" target=\"_blank\" rel=\"noopener noreferrer\">Lichess<\/a><\/p>\n<p><a href=\"https:\/\/www.chess.com\/fr\" target=\"_blank\" rel=\"noopener noreferrer\">Chess.com<\/a><\/p>\n<p><span style=\"color: #0000ff;\"><strong>Livres et mat\u00e9riel d&rsquo;\u00e9checs :<\/strong><\/span><\/p>\n<p><a href=\"http:\/\/www.variantes.com\/\" target=\"_blank\" rel=\"noopener noreferrer\">Variantes<\/a><\/p>\n<p><a href=\"http:\/\/www.olibris.fr\/\" target=\"_blank\" rel=\"noopener noreferrer\">Olibris<\/a><\/p>\n<p><a href=\"https:\/\/www.echecs-attitude.fr\/\" target=\"_blank\" rel=\"noopener\">Echecs-attitude<\/a><\/p>\n<p><span style=\"color: #0000ff;\"><strong>Forums et blogs :<\/strong><\/span><\/p>\n<p><a href=\"https:\/\/www.france-echecs.com\/\" target=\"_blank\" rel=\"noopener noreferrer\">France Echecs<\/a><\/p>\n<p><a href=\"https:\/\/www.echecs64.com\/\" target=\"_blank\" rel=\"noopener noreferrer\">Echecs64<\/a><\/p>\n","protected":false},"excerpt":{"rendered":"<p>Les \u00e9checs en France et dans le monde : F\u00e9d\u00e9ration Internationale Des Echecs F\u00e9d\u00e9ration Fran\u00e7aise des Echecs Chessbase Europe Echecs The Week In Chess Les \u00e9checs en Lorraine : La ligue des \u00e9checs du Grand Est Vandoeuvre Echecs Marange-Silvange Thionville &hellip; <a href=\"https:\/\/echecsmetzfischer.fr\/?page_id=35\">Continue la lecture <span class=\"meta-nav\">&rarr;<\/span><\/a><\/p>\n","protected":false},"author":1,"featured_media":0,"parent":0,"menu_order":0,"comment_status":"closed","ping_status":"closed","template":"","meta":{"jetpack_post_was_ever_published":false,"_mc_calendar":[],"footnotes":""},"class_list":["post-35","page","type-page","status-publish","hentry"],"jetpack_sharing_enabled":true,"jetpack_shortlink":"https:\/\/wp.me\/P89Tyy-z","jetpack-related-posts":[],"_links":{"self":[{"href":"https:\/\/echecsmetzfischer.fr\/index.php?rest_route=\/wp\/v2\/pages\/35","targetHints":{"allow":["GET"]}}],"collection":[{"href":"https:\/\/echecsmetzfischer.fr\/index.php?rest_route=\/wp\/v2\/pages"}],"about":[{"href":"https:\/\/echecsmetzfischer.fr\/index.php?rest_route=\/wp\/v2\/types\/page"}],"author":[{"embeddable":true,"href":"https:\/\/echecsmetzfischer.fr\/index.php?rest_route=\/wp\/v2\/users\/1"}],"replies":[{"embeddable":true,"href":"https:\/\/echecsmetzfischer.fr\/index.php?rest_route=%2Fwp%2Fv2%2Fcomments&post=35"}],"version-history":[{"count":49,"href":"https:\/\/echecsmetzfischer.fr\/index.php?rest_route=\/wp\/v2\/pages\/35\/revisions"}],"predecessor-version":[{"id":7922,"href":"https:\/\/echecsmetzfischer.fr\/index.php?rest_route=\/wp\/v2\/pages\/35\/revisions\/7922"}],"wp:attachment":[{"href":"https:\/\/echecsmetzfischer.fr\/index.php?rest_route=%2Fwp%2Fv2%2Fmedia&parent=35"}],"curies":[{"name":"wp","href":"https:\/\/api.w.org\/{rel}","templated":true}]}}